{"id":7513,"date":"2023-01-14T09:23:33","date_gmt":"2023-01-14T09:23:33","guid":{"rendered":"https:\/\/omurilik.org.tr\/?page_id=7513"},"modified":"2023-01-14T09:23:33","modified_gmt":"2023-01-14T09:23:33","slug":"hastalar-icin","status":"publish","type":"page","link":"https:\/\/omurilik.org.tr\/index.php\/hastalar-icin\/","title":{"rendered":"Hastalar \u0130\u00e7in"},"content":{"rendered":"<p>Omurilik zedelenmelerine maruz kalm\u0131\u015f hastalar\u0131m\u0131z ve yak\u0131nlar\u0131 i\u00e7in olu\u015fturdu\u011fumuz\u00a0bilgiler de\u011ferli hocalar\u0131m\u0131z ve edit\u00f6rlerimiz taraf\u0131ndan \u00f6zenle haz\u0131rlanmaktad\u0131r. \u00c7ok yak\u0131nda bu bilgilere ula\u015fabileceksiniz\u2026<\/p>\n","protected":false},"excerpt":{"rendered":"<p>Omurilik zedelenmelerine maruz kalm\u0131\u015f hastalar\u0131m\u0131z ve yak\u0131nlar\u0131 i\u00e7in olu\u015fturdu\u011fumuz\u00a0bilgiler de\u011ferli hocalar\u0131m\u0131z ve edit\u00f6rlerimiz taraf\u0131ndan \u00f6zenle haz\u0131rlanmaktad\u0131r. \u00c7ok yak\u0131nda bu bilgilere ula\u015fabileceksiniz\u2026<\/p>\n","protected":false},"author":1,"featured_media":0,"parent":0,"menu_order":0,"comment_status":"closed","ping_status":"closed","template":"","meta":{"footnotes":""},"class_list":["post-7513","page","type-page","status-publish","hentry"],"_links":{"self":[{"href":"https:\/\/omurilik.org.tr\/index.php\/wp-json\/wp\/v2\/pages\/7513","targetHints":{"allow":["GET"]}}],"collection":[{"href":"https:\/\/omurilik.org.tr\/index.php\/wp-json\/wp\/v2\/pages"}],"about":[{"href":"https:\/\/omurilik.org.tr\/index.php\/wp-json\/wp\/v2\/types\/page"}],"author":[{"embeddable":true,"href":"https:\/\/omurilik.org.tr\/index.php\/wp-json\/wp\/v2\/users\/1"}],"replies":[{"embeddable":true,"href":"https:\/\/omurilik.org.tr\/index.php\/wp-json\/wp\/v2\/comments?post=7513"}],"version-history":[{"count":1,"href":"https:\/\/omurilik.org.tr\/index.php\/wp-json\/wp\/v2\/pages\/7513\/revisions"}],"predecessor-version":[{"id":7514,"href":"https:\/\/omurilik.org.tr\/index.php\/wp-json\/wp\/v2\/pages\/7513\/revisions\/7514"}],"wp:attachment":[{"href":"https:\/\/omurilik.org.tr\/index.php\/wp-json\/wp\/v2\/media?parent=7513"}],"curies":[{"name":"wp","href":"https:\/\/api.w.org\/{rel}","templated":true}]}}